-21) + -4?
-2
Calculate 10 + (0 - (4 - 3)) + -7.
2
What is (-2 - -6 - 3) + 2?
3
Calculate -8 + (10 - (5 + 2)).
-5
What is -3 + 0 + (4 - -1)?
2
What is the value of -3 + (9 + -6 - (1 + -2))?
1
What is -1 - (3 + 1 - (13 + -9))?
-1
What is -7 - (-6 + 4 + 4)?
-9
What is the value of (-4 - -11) + -2 + (2 - 2)?
5
Calculate 2 - (0 - 6 - -6).
2
What is the value of 0 + -5 - (-13 + 15 - 12)?
5
What is the value of -1 + 0 + 8 - 0?
7
Calculate (4 - (-1 - (4 + -11))) + 0.
-2
What is 9 - (29 - 12) - (0 + -6)?
-2
Evaluate 8 + -1 + (-9 - -2).
0
(-3 - 2) + (1 - 1)
-5
(0 - -1) + 3 + -3
1
What is 11 - (-5 + 2 + 4 + 4)?
6
Evaluate -11 + 14 + -9 - (-3 - -1).
-4
What is (5 - 9) + -6 + 13?
3
2 - (-5 - -7) - (-4 + 1)
3
0 - -5 - (-4 + 5 + 0)
4
Evaluate 5 - (4 - (3 + (-3 - -1))).
2
Evaluate -4 - (-10 + 1 + 3 + -2).
4
Evaluate -1 + -2 + (-3 - -6) + -2.
-2
Evaluate -3 - (1 - (8 + (2 - 6))).
0
Evaluate -3 + (4 - (-6 + 3 - 2)).
6
Calculate -10 + 5 + 2 + 7.
4
Calculate (2 + -6 + 17 - 2) + -6.
5
(5 - (1 - -1)) + 3
6
What is -6 + -3 + 1 - -10?
2
Calculate -3 - (0 + -2 - 4).
3
Evaluate 3 - 3 - 0 - (-2 + -1).
3
What is the value of -1 - (3 - ((4 - 1) + -2))?
-3
Evaluate 1 + (5 - 10) + 0.
-4
What is the value of 5 + -3 + 0 - 3?
-1
(1 - 5) + 4 + 4
4
What is the value of (-3 - -2 - (11 + -12)) + 3?
3
What is (-4 - -5) + -4 + 9 + -4?
2
-96 - -107 - (2 - 0 - -2)
7
0 + 4 + (-1 + -7 - -10)
6
Evaluate -4 + (-4 - -19) - 8.
3
Evaluate (1 - -2) + 19 + -26.
-4
Calculate -1 - (-1 - 0 - (-4 + -2)).
-6
What is the value of (4 + -1 + -2 - 3) + -3?
-5
What is 1 - ((8 - 5) + 5 - 3)?
-4
What is 7 - 4 - 8 - -8?
3
What is (1 - 10) + 2 + (115 - 109)?
-1
Evaluate -1 + -3 + -4 + 6 + -2.
-4
1 - -7 - (-24 + 14 + 14)
4
Evaluate (11 - (13 - 10)) + -13.
-5
2 - 4 - (1 - 2 - -1)
-2
Evaluate -9 + 10 + 9 - 15.
-5
What is the value of 2 - 5 - (4 + -2)?
-5
What is the value of (0 - 1 - -3 - 4) + 4?
2
What is the value of -7 - (-4 + 2) - (-1 - 2)?
-2
What is the value of 42 + -45 + (2 - (-1 - 1))?
1
Evaluate 5 - 10 - (-9 + 2).
2
What is -5 - (16 + -19 + 1 + -2)?
-1
What is 27 + -25 + 0 + -6?
-4
What is the value of -2 + 1 - 1 - (15 - 12)?
-5
What is 7 - 3 - 4 - -2 - 4?
-2
What is 13 - 18 - (-1 + -1 + 2)?
-5
(16 - 11) + -9 - -12
8
What is the value of -4 + 0 + 9 + 4 + -6?
3
2 + 2 + (6 - 9) - 9
-8
Evaluate -4 + (2 - (3 + 0)).
-5
What is the value of (-1 - (-4 + -4 + 6)) + 4?
5
0 + 4 + (-8 - -1) + 6
3
What is -3 + 2 + 0 + -3 + -1?
-5
What is -68 - -79 - (2 + 13)?
-4
Evaluate -2 + 6 + (8 - 7).
5
Evaluate 1 - ((3 - 0) + -4 + 0).
2
Evaluate -9 + 8 + (3 - 7).
-5
(4 - (0 - (1 + -6))) + -2
-3
Calculate (2 - 2) + 4 - 9 - -1.
-4
Calculate 5 + (5 - (2 - -6)).
2
What is the value of 16 + -16 + 17 + -10?
7
Evaluate 5 - (-5 + (8 - (-2 - -5))).
5
What is the value of 4 - (6 + 0 + (-5 - -8))?
-5
Evaluate 4 + 6 + -17 - -7.
0
-3 + 8 + -7 + (3 - 0)
1
-7 + (-4 + 3 - -6 - 1)
-3
What is (-14 - -10 - -5) + 6?
7
4 + -2 + (-5 - -3) - 5
-5
(8 - 4) + -14 - -5
-5
2 - (-2 - 0) - (-1 + 0)
5
What is the value of (-56 - -62) + 2 + -7?
1
What is the value of (-2 - 2) + -108 + 115?
3
Calculate 0 - (3 + (-8 - -3 - 4)).
6
What is -5 + (-4 + 3 - -1 - -4)?
-1
Calculate -7 - -8 - (-2 + 2).
1
Evaluate -4 - -6 - (6 - 7).
3
What is the value of -18 + 18 + 0 + -4?
-4
What is 5 - (3 - (1 + (0 - -2)))?
5
Calculate (5 - (0 + 2)) + (-20 - -10).
-7
What is the value of -26 - (-26 + 9) - (-3 + 1)?
-7
Calculate 7 + -1 + (-1 + -6 - -4).
3
What is the value of 9 + -11 - (1 + -7)?
4
Evaluate 10 - (-42 + 33 - (-2 + -8)).
9
(-5 + -2 - -6 - -3) + -3
-1
What is the value of -9 - 1 - -4 - -13?
7
What is (1 - (5 - 2)) + -2?
-4
What is the value of (3 - -6) + 8 + -14 + -4?
-1
Calculate (-10 - -5 - -1) + -2 - -2.
-4
-2 - ((1 - 2) + (5 - 7))
1
Evaluate 1 + (2 + -1 - (-5 - -3)).
4
(1 - 1) + 0 + 3
3
Calculate 4 + -8 + 3 + 9.
8
What is the value of -3 + (-6 + 4 + -6 - -5)?
-6
Evaluate -1 - (8 - 5) - 2.
-6
Calculate 2 + (0 - 3) + 0 - -5.
4
Calculate -4 - (4 - 3 - 5).
0
(3 - (0 + -2) - 3) + -2
0
Calculate (3 - 0 - (2 + 14)) + 6.
-7
What is -12 - (-9 - 6) - -6?
9
2 - (-4 + -2 - -9)
-1
What is the value of 3 - 5 - (2 + -4 - -1)?
-1
(5 - (13 - 2)) + (-1 - -5)
-2
What is the value of 48 - 43 - (-2 - -15)?
-8
What is the value of 2 + -9 + 6 - (1 - 3)?
1
What is the value of (6 - (4 - 0) - 1) + -4?
-3
What is the value of 1 + (2 - 4 - (9 + -4))?
-6
Calculate 0 + (-4 - 7) + 0.
-11
Calculate 0 + -6 + (6 - 2).
-2
What is -4 + -4 + 16 + -6 + 2?
4
(-5 - -1) + (18 - 17)
-3
What is -7 + -4 + 5 - (-4 - -1)?
-3
Evaluate -1 - (-3 + -3 + (7 - 7)).
5
23 + -19 - (11 + -2)
-5
What is the value of -1 - (-6 + (10 - 6 - 1))?
2
Calculate -1 - (2 + 1 - (-7 + 15)).
4
What is the value of (34 - 35) + 1 + -1?
-1
What is -1 + (-3 - -4 - -2)?
2
Calculate -3 + 6 + -3 + -1.
-1
(0 - -1) + (-22 - -21)
0
1 - (1 + (3 - (-1 + 1)))
-3
Calculate (-41 - -38) + 15 + (-2 - -1).
11
-9 + (23 - 0) + -9
5
Evaluate 4 + 0 - -1 - 10 - -4.
-1
2 + 2 - (-6 - (-22 + 6))
-6
What is the value of -9 + 19 + -1 - (-1 + 6)?
4
(-3 - (5 + -7)) + -4
-5
What is the value of 8 + -6 + (1 - (6 - 2))?
-1
-10 - (-11 + 21 - 12)
-8
What is the value of -5 - (-17 - (1 + (1 - 6)))?
8
Calculate 0 + 0 + (5 - 1 - 3).
1
Calculate 18 - 10 - (-1 + 7).
2
What is 0 + -8 + 2 - -3?
-3
(-1 + 0 - 2) + (-81 - -76)
-8
What is (-1 - 0) + (2 - 2)?
-1
Calculate 1 + -10 + 7 - 3.
-5
0 - 4 - (0 + -6 + 1)
1
Calculate -1 + 3 + (7 - 11).
-2
Evaluate (-5 + (-10 - -5) - -4) + 2.
-4
Evaluate 8 + (-2 - 8) + (-1 - -3).
0
Calculate (0 - 20) + 13 - -4.
-3
What is the value of (-1 - (3 - 0)) + (6 - 2)?
0
What is 6 - (-1 + 2) - -2 - 9?
-2
Calculate -3 + 3 + 12 - 9.
3
Calculate (1 - 2) + 0 + (-114 - -113).
-2
Evaluate 12 + 5 + -3 + -2 + -6.
6
0 + -10 - (-43 - -29)
4
Evaluate -10 - (-4 - (-7 - -8)).
-5
Calculate -1 - (-3 + 1 - -2).
-1
Calculate (-2 - 0) + 7 + 20 + -22.
3
Calculate 0 - (-5 + 8 + -8).
5
4 - ((-17 - -11) + (-2 - -18))
-6
What is 0 + 7 + -2 - 3?
2
Calculate 2 + 2 - 2 - -3.
5
What is 2 + -1 - (9 + -8)?
0
What is (0 - (-8 - -7)) + 0 + 2?
3
Calculate -1 + (-1 + 4 - (-1 - 0)).
3
Evaluate -4 - 0 - (-18 + (-6 - -19)).
1
Calculate (3 - (1 + -1)) + -3.
0
What is 3 + 4 + 2 + -14?
-5
(2 - (-9 + (-4 - -5))) + -4
6
What is the value of -1 - 0 - (-3 - -3)?
-1
What is the value of 0 - ((7 - 18) + 4 - -7)?
0
Calculate -9 + 0 + -6 + 9.
-6
What is the value of -2 + -5 + (5 + 0 - 2)?
-4
Evaluate -4 - (-13 + 8 + 4).
-3
Calculate 6 + (2 - 2) - (-4 - -18).
-8
What is 1 + 7 - 5 - (0 - 1)?
4
What is the value of 5 + -6 + 4 + -2?
1
What is the value of 17 + -1 + -5 + -4?
7
Calculate -6 - (7 + -11 - 3).
1
What is 2 + -11 + 12 + -7 - 2?
-6
What is 2 - (-2 + 3 + -3 - -2)?
2
Evaluate 15 - ((-1 - 2) + 12).
6
What is the value of -1 - (0 - (3 - 5 - 1))?
-4
Evaluate -2 - (-3 + 4 - -1) - -4.
0
Calculate 1 - 7 - (23 - (26 + -6)).
-9
7 - (-2 - ((-1 - -1) + -10))
-1
What is the value of (4 - 1 - 4) + -2 + 5?
2
What is (34 - 29) + (3 - 2) + -5?
1
What is 5 - 11 - (0 - 1)?
-5
What is the value of -1 + 0 - (2 + 3 + -2)?
-4
Calculate 6 - -5 - (11 - 6) - 4.
2
-6 + 16 + -13 - (-6 - -1)
2
What is (1 + -3 - (27 + -27)) + -5?
-7
-1 + 2 - -4 - (1 + 1)
3
What is the value of 14 + -7 + 12 + -9?
10
What is (-3 - -4) + 7 - 6?
2
What is 37 + -36 - (1 - -4)?
-4
(-11 - -4) + 1 + 3
-3
Calculate 23 + -26 + -5 + 8.
0
What is the value of 6 + -4 - (2 - (1 + 2))?
3
What is the value of 6 - (-8 - (-4 - 4))?
6
Evaluate 1 - -1 - 0 - 5.
-3
What is the value of 5 - (-4 - -1 - (6 - 6))?
8
What is 2 + (12 - 5 - 4)?
5
What is -16 - -12 - (-3 + 1 - -5)?
-7
-4 - 0 - (-56 + 47)
5
Calculate -13 + 18 - (0 + 1).
4
What is 10 - (9 + -4 - (-4 - -4))?
5
Calculate -13 + 12 + -3 + 1.
-3
0 + 4 - (-76 + 79)
1
Evaluate -1 + (0 - 5) + 1.
-5
Evaluate (1 - 3 - -1 - -2) + 1.
2
-11 - (0 - 18) - 7
0
Evaluate -3 + 1 + -4 - (-18 + 13).
-1
Evaluate 2 - (2 - (-7 + 5)).
-2
What is the value of -8 + (2 + 3 - 6 - -4)?
-5
0 + 0 - (-295 - -289)
6
What is the value of 3 - ((0 - 5) + -18 + 28)?
-2
Evaluate 1 + 2 - (-4 - (-1 - 1)).
5
What is (-15 + 2 - -1) + 4?
-8
Calculate -1 - -6 - (49 - 50).
6
-4 + (0 - (-9 - 0)) + 0
5
Evaluate -4 + (-1 - -4 - 5 - -5).
-1
Evaluate (1 + (2 - 5) - -2) + 3.
3
Calculate -70 - -70 - (-1 + -2 + 1).
2
Evaluate 0 - -9 - (5 - -3).
1
Evaluate -3 - (-5 + 4 + 8 + -4).
-6
Calculate -33 + 27 + (9 - -1).
4
Evaluate -9 + -1 + -1 - -6.
-5
2